13540 (base 13) in base 16?
-be18b
-14bb22 (base 15) to base 4
-3310200203
Convert -117178 (base 11) to base 5.
-21411330
What is 101111010111101000101 (base 2) in base 9?
2825183
3772655 (base 9) to base 3
10212102201212
What is 34a26a (base 11) in base 8?
2074521
Convert 1ac62 (base 14) to base 7.
403052
What is 43765340 (base 8) in base 10?
9431776
What is -11000110110000011100 (base 2) in base 12?
-333164
What is -12011020221021 (base 3) in base 14?
-514c93
Convert -3030406 (base 8) to base 11.
-4a6318
What is -10b6a19 (base 12) in base 11?
-1903745
-1010001001111110111000 (base 2) to base 13
-722a56
Convert -1171514 (base 11) to base 6.
-111354442
Convert 8a67a (base 12) to base 9.
310514
Convert 31b6a84 (base 12) to base 9.
18687501
-2b15 (base 15) to base 16
-241d
What is -4760941 (base 10) in base 8?
-22122555
-518969 (base 12) to base 15
-1a444c
What is 7c18a (base 14) in base 3?
120100111001
Convert 11120112211 (base 3) to base 15.
1ba47
-563fe (base 16) to base 9
-587541
Convert -110231321201 (base 4) to base 2.
-10100101101111001100001
Convert 661c4 (base 16) to base 10.
418244
Convert -233011303 (base 5) to base 15.
-1600d8
38658 (base 11) to base 5
3232420
What is -c369a (base 13) in base 11?
-21a344
What is 4496 (base 10) in base 7?
16052
-13242334 (base 5) to base 2
-100000101111001110
280691 (base 10) to base 6
10003255
766003 (base 9) to base 12
1a0626
Convert -1001111001000111111010 (base 2) to base 5.
-1130441044
What is -231122223 (base 4) in base 11?
-117846
Convert -397982 (base 14) to base 4.
-13203132032
-455143101 (base 6) to base 8
-37722015
What is -168480 (base 9) in base 3?
-12022112200
Convert 1208 (base 11) to base 13.
948
What is 2434727 (base 8) in base 15?
d387c
-478b5 (base 12) to base 8
-274111
-1310178 (base 9) to base 6
-23155325
-33de6 (base 15) to base 8
-502425
What is -9bb7c (base 14) in base 9?
-635705
Convert 70a575 (base 13) to base 16.
28020a
What is -302331505 (base 6) in base 2?
-10011101011101101100001
Convert -ab928 (base 12) to base 10.
-227696
Convert 2133357 (base 10) to base 9.
4011366
What is 2202202000201 (base 3) in base 4?
11213022211
-4204332210 (base 5) to base 16
-84429d
What is -21400426 (base 7) in base 9?
-3402244
-1042003511 (base 6) to base 14
-16dd01d
Convert 220021002000 (base 3) to base 5.
110240144
Convert -8d653 (base 16) to base 10.
-579155
Convert 141511350 (base 7) to base 5.
4332413313
What is -656165 (base 7) in base 16?
-1c139
What is 5ac5c (base 16) in base 6?
11545152
Convert 386620 (base 9) to base 11.
150214
-13d176 (base 14) to base 11
-430764
-1003133124 (base 5) to base 8
-7514646
Convert 1305065 (base 7) to base 13.
5c3c0
2da4 (base 14) to base 2
1111111110100
Convert -c516 (base 14) to base 12.
-17774
3105373 (base 8) to base 15
11385b
Convert 10243330 (base 5) to base 16.
1552c
What is 56565514 (base 7) in base 8?
22621165
Convert 5304250 (base 7) to base 12.
26a577
What is -2844ab (base 12) in base 2?
-10100011110111000011
-30000322212 (base 4) to base 2
-1100000000111010100110
Convert 7861172 (base 10) to base 8.
35771664
What is -33334301 (base 5) in base 14?
-78b40
Convert -116115 (base 8) to base 16.
-9c4d
What is -114153512 (base 6) in base 13?
-5a8975
What is -1869a (base 12) in base 10?
-35542
What is 2d4754 (base 14) in base 15?
21556d
Convert -596516 (base 10) to base 8.
-2215044
-3cabb0 (base 13) to base 16
-169787
-474635 (base 9) to base 5
-33114212
What is -31332314 (base 5) in base 2?
-111111110111010000
What is -2e2d9 (base 15) in base 14?
-3c4dc
What is -1a8466 (base 12) in base 9?
-786566
Convert -67c00 (base 13) to base 7.
-1414234
-655019 (base 10) to base 4
-2133322223
-25d3d4 (base 15) to base 16
-1bb830
110111011101100010000011 (base 2) to base 6
1235341351
Convert -30749 (base 14) to base 10.
-116685
Convert 404002331 (base 5) to base 16.
18ccfd
What is -3357239 (base 10) in base 4?
-30303220313
Convert -60365141 (base 7) to base 9.
-10372458
What is 30880 (base 14) in base 4?
130203000
What is -18a093 (base 12) in base 16?
-697ef
What is -100011000010100010100 (base 2) in base 4?
-10120110110
44116421 (base 7) to base 3
21010100202022
17a0301 (base 12) to base 15
677601
What is -69759 (base 11) in base 2?
-11000100110000000
-201b4c1 (base 13) to base 2
-100101000001111010101011
What is 685647 (base 11) in base 4?
10022110302
1cc075 (base 15) to base 13
3a3841
Convert -1011202100022100 (base 3) to base 6.
-1401405313
What is 5d92 (base 16) in base 5?
1231304
-4034660 (base 7) to base 14
-c6a67
What is -21bb96 (base 16) in base 12?
-8a741a
2831934 (base 10) to base 12
b46a26
Convert -66a1e3 (base 16) to base 10.
-6726115
Convert b7526 (base 13) to base 16.
50abb
Convert -45240 (base 7) to base 9.
-16626
What is -2847144 (base 10) in base 14?
-541836
Convert -86232 (base 11) to base 14.
-339a7
-3301233334 (base 5) to base 3
-111021110021200
Convert 2377324 (base 8) to base 10.
655060
Convert -334124420 (base 6) to base 11.
-3480544
Convert a6c702 (base 13) to base 3.
21100202001011
Convert -120710 (base 9) to base 15.
-1684c
What is -a9786 (base 11) in base 4?
-212321202
Convert -102020131001 (base 4) to base 7.
-55254530
What is -cdcb6d (base 15) in base 16?
-95bec7
-500457 (base 8) to base 2
-101000000100101111
1020333110 (base 4) to base 7
2353421
Convert 34104412 (base 5) to base 12.
125b67
What is 24004453 (base 6) in base 16?
b6811
116c50 (base 13) to base 10
415129
What is -970070 (base 14) in base 16?
-4df6b2
4350300 (base 9) to base 13
63a332
Convert 2c262 (base 13) to base 15.
19cd9
-13116341 (base 10) to base 15
-12414cb
352c (base 15) to base 8
26034
5534075 (base 8) to base 4
11223200331
Convert 1101000010001 (base 2) to base 6.
50521
What is -10001000101001001010 (base 2) in base 7?
-4520515
157b36 (base 13) to base 4
2001232311
Convert 62535225 (base 7) to base 4.
110012201322
What is 1011010111111111 (base 2) in base 8?
132777
Convert 53143550 (base 8) to base 10.
11323240
Convert -2066367 (base 8) to base 3.
-1001001110020
Convert -18ce9 (base 15) to base 7.
-453552
-23411515 (base 7) to base 16
-1f96f6
What is -41418 (base 12) in base 16?
-14d14
Convert 3741525 (base 8) to base 7.
11531536
-60c868 (base 15) to base 3
-22122122011022
Convert 1222221122 (base 3) to base 13.
14b94
What is -49829 (base 12) in base 9?
-161656
7861157 (base 10) to base 16
77f3a5
-b4a453 (base 13) to base 14
-7bc48d
360a73 (base 13) to base 16
13a375
-19472 (base 11) to base 8
-65057
Convert -23220424 (base 5) to base 6.
-4303351
-130211312303 (base 4) to base 13
-1725686
What is -10136350 (base 7) in base 4?
-3033132001
What is 1165792 (base 11) in base 13?
560149
Convert 53591 (base 12) to base 6.
2203501
What is -4862590 (base 10) in base 9?
-10131187
Convert 11101011011010010110101 (base 2) to base 11.
4399693
What is -1000000010111011010 (base 2) in base 13?
-93002
What is 3737432 (base 8) in base 4?
3323330122
Convert 1b225b (base 12) to base 16.
755e7
-3836221 (base 9) to base 2
-111111110011111001001
What is 11112102110 (base 3) in base 12?
43793
Convert -76331 (base 9) to base 4.
-30112030
Convert 100000010101100110 (base 2) to base 9.
221621
-32850 (base 10) to base 2
-1000000001010010
Convert 2763042 (base 8) to base 7.
6425333
What is -158baa (base 12) in base 10?
-368050
2b7c7c (base 13) to base 14
1dd6d5
Convert 25d7ae (base 15) to base 13.
4b834b
56025331 (base 7) to base 3
100002101220211
Convert -161a303 (base 11) to base 4.
-22203111220
What is 18068c (base 14) in base 12?
349a18
Convert 21689 (base 10) to base 6.
244225
What is 22340413 (base 5) in base 12?
97537
Convert -430725 (base 9) to base 5.
-31201334
-220122300 (base 4) to base 15
-340bc
What is -201176 (base 13) in base 12?
-2bb1b5
What is a4a58 (base 14) in base 5?
100202144
2322122120 (base 4) to base 14
15c38c
Convert 24dd59 (base 14) to base 8.
4653633
What is -611e1a (base 15) in base 4?
-101212110301
What is 1003130120 (base 4) in base 5?
32314443
-1442902 (base 11) to base 15
-33e3a7
-130786 (base 9) to base 4
-103120101
What is -29412 (base 11) in base 10?
-41758
What is 304a17 (base 14) in base 8?
6150475
What is ab949 (base 12) in base 8?
674611
What is 188bd (base 16) in base 3?
12002220202
What is 5022540 (base 8) in base 6?
44144240
Convert -2002